5*v. What is the units digit of v?
7
Let k = 91951 - 45823. What is the tens digit of k?
2
Suppose -3*b + 5*k - 88 = -5*b, 0 = -3*b + 4*k + 155. Let y = 50 - b. Suppose -j + 5*z + 41 = 0, y - 50 = -4*j - 3*z. What is the tens digit of j?
1
Suppose -775346 - 303178 - 554756 = -58*k. What is the hundreds digit of k?
1
Let s(z) = z**3 - 16*z**2 + 65*z - 10. Let g be s(9). Suppose -94 = -g*b + 274. What is the units digit of b?
6
Let t = -1243 - -1313. What is the units digit of t?
0
Let w be ((-25)/(-10))/((-5)/(-4)). Let k be (2 + -1)/(2/8). Suppose -3*u + 3*x + 108 = -w*u, k*u = x + 487. What is the tens digit of u?
2
Let k = 20472 + -12847. What is the hundreds digit of k?
6
Suppose -56*s - 686226 = -2902482. What is the tens digit of s?
7
Let s = -640 - -909. Let j = -4 + s. What is the hundreds digit of j?
2
Suppose a + 52 = -4. Let p = -241 + 134. Let h = a - p. What is the units digit of h?
1
Let u(i) = 4*i**2 - 4*i - 6. Let q(c) = -8*c - 48. Let j(o) = 4*o + 23. Let d(f) = -5*j(f) - 3*q(f). Let h be d(-8). What is the tens digit of u(h)?
4
Let c(q) = 2*q**2 + 3*q - 1. Let n be c(1). Let o be 12/18 - n/6. Suppose 5*b + 4*y - 277 - 85 = o, -3*b - 3*y + 216 = 0. What is the tens digit of b?
7
Suppose 4*l - t - 665 = 323, l + 2*t - 256 = 0. Let n = 124 - l. Let c = n - -148. What is the tens digit of c?
2
Suppose 10*y + 353 = 383. What is the units digit of 5290/12 + y/18?
1
Let p(s) = -6*s + 22. Let v be p(3). Suppose -5*q + 947 = 3*t, v*q - 949 = 5*t - 8*t. What is the units digit of t?
9
Suppose 0 = -5*o + 20, -4*o = -z - 3*o - 1307. Let m = z - -2372. What is the hundreds digit of m?
0
Let u(c) = -c**3 + 25*c**2 + 10*c - 252. Let n be u(25). Let a be -3*((-8)/(-3) - 2). What is the units digit of -14 + 17 - a/n?
2
Let w(z) = z**3 - 18*z**2. Let t be w(18). Suppose p - 5 - 1 = t. Suppose p*k = 3*k + 207. What is the tens digit of k?
6
Let b(c) = 224*c + 7. Let t = -447 - -448. What is the hundreds digit of b(t)?
2
Let u(g) = 2*g**3 + 89*g**2 - 49*g - 103. Let f be u(-45). Suppose 4*s + 4*y + 32 = 0, -6*s - y = -3*s + 20. Let k = s + f. What is the units digit of k?
1
Let j be -3 - (-6 + 22/2). What is the hundreds digit of j/(-20) - 3696/(-10)?
3
Suppose 0 = -10*x + 6*x - 5*b + 33, -x = 5*b - 27. Suppose -3 = -4*a - 15, -x*a + 2478 = 3*y. What is the tens digit of y?
2
Suppose 0 = -9*a - 80*a + 5696235 - 1909552. What is the hundreds digit of a?
5
Suppose -429*d + 443*d = 3668. Let y = d - -129. What is the units digit of y?
1
Let i(t) = 46*t - 131. Let j be (-2)/(-23) - 4329/(-207). What is the hundreds digit of i(j)?
8
Let y(t) = -5872*t**3 + 8*t**2 + 13*t - 6. What is the thousands digit of y(-2)?
6
Suppose 5*h = -25, 29*h + 6311 = 4*l + 30*h. What is the thousands digit of l?
1
Let i(s) = 49*s**2 - 204*s + 3024. What is the tens digit of i(15)?
8
Let i(m) = -m + 23. Let f be 6/(-4)*(-3 + 8 - 3). Let o be -3*(16/f + 0). What is the units digit of i(o)?
7
Let x be ((-162)/(-4))/(12/24). Let n = 290 - x. Suppose -5*r - n = -3*s, -3*r + 145 - 364 = -3*s. What is the units digit of s?
8
Suppose -i + 3*i - 2*v = 28, -9 = -i - 4*v. What is the units digit of i - 10 - -60*20/6?
3
Suppose 0 = 15*p - 33*p. Suppose -22*i - 14*i + 27036 = p. What is the units digit of i?
1
Suppose -s = -4*x + 14, -2*x + 5*s + 7 = -3*x. Suppose -15*v + 5201 = -11*v - x*y, 2588 = 2*v - 4*y. What is the hundreds digit of v?
3
Let j(v) = -v**3 + 6*v**2 + 2*v + 85. What is the units digit of j(-14)?
7
Suppose 0 = 4*o + 4*c - 204, -5*c = -4*o - 82 + 322. Suppose -o*z + 64*z - 3978 = 0. What is the hundreds digit of z?
4
Let i = 32851 + -81563. What is the units digit of (-6)/66 + i/(-44)?
7
Suppose 29*g - 426328 = 434711. What is the tens digit of g?
9
Let v(k) = -1359*k - 2904. What is the hundreds digit of v(-13)?
7
Suppose 92651 - 144179 = -51*j + 1072053. What is the hundreds digit of j?
0
Let v be (5/5)/1 - (-13 - -26). Let g be 4/(-10) + (-154)/(-10). What is the units digit of (v/14)/(-3) + g/21?
1
What is the units digit of (-18830133)/(-514) - 10/4?
2
Suppose 48*f - 236434 - 568111 = 1669039. What is the thousands digit of f?
1
Let z(v) = v**3 - v**2 - 289. Let g(s) = 2*s + 1. Let d(x) = -g(x) - z(x). What is the hundreds digit of d(0)?
2
Let a(x) = 3*x**2 - 6*x + 6. Let d be a(2). Suppose -4*m - d + 94 = -4*q, 2*m + 4*q = 32. What is the tens digit of (-26 + 1)*(-8)/m?
1
Let u be -4*(-5)/30*(14 - -1). What is the tens digit of -33*u*(-3)/(-18)*-3?
6
Let d(b) = -153*b + 61. Let t be ((-9)/2)/((-10)/20). Let x(h) = 38*h - 15. Let m(w) = t*x(w) + 2*d(w). What is the tens digit of m(3)?
9
Let r(g) = -5*g - 45. Let q be r(-9). Let n(o) = o**3 + o**2 + 2*o + 273. What is the units digit of n(q)?
3
Suppose 3*f = 5*k - 8395, -5*k - 17*f = -18*f - 8395. What is the units digit of k?
9
Let l = 1434 - 1422. Suppose -26 + 10 = -4*w. What is the tens digit of l + (w/8*-10 - -3)?
1
Let s(k) = -k**3 - 84*k**2 - 176*k + 153. What is the tens digit of s(-83)?
7
Suppose 44*y = 39*y + 4*c + 130898, 5*y - c - 130907 = 0. What is the tens digit of y?
8
Let r be 1231*(-4)/(-4) + -4. Let d = r + -61. What is the thousands digit of d?
1
What is the thousands digit of 2/((-4)/(-7118)) + -141 + 138?
3
Let h(i) = 213*i**2 + 177*i - 970. What is the units digit of h(6)?
0
What is the thousands digit of ((-35)/(-175)*10/(-3))/(6/(-354213))?
9
Let x = 236 + -140. Let t = x + -99. What is the units digit of (-1)/1*(402 - 3)/t?
3
Let q(b) = 13*b - 10. Suppose 25*m + 4 = 27*m. What is the tens digit of q(m)?
1
Let z = -591 + 1542. What is the units digit of z?
1
Let i = 793 + -1346. Let m = 298 + i. Let c = m + 493. What is the hundreds digit of c?
2
Suppose -2*c = -20 + 8. Suppose c + 9 = 5*p. Suppose r + 0*r - 35 = k, 0 = -p*r - k + 105. What is the units digit of r?
5
Let r(m) = 2*m**2 - 8*m - 22. Let y be r(5). Let x = 195 + y. What is the tens digit of x?
8
Suppose 14*l - 11*l - 5*n = 29527, -2*n = 3*l - 29513. What is the hundreds digit of l?
8
Suppose 0 = -12983*r + 12997*r - 1792. What is the hundreds digit of r?
1
Let z = -34 + 31. Let s be (-2)/z*81/6. Suppose -s*v + 106 + 677 = 0. What is the units digit of v?
7
Suppose -19*f = -16*f - 12. Suppose 8*w = -2*j + 4*w + 388, 0 = -2*j + 2*w + 388. Suppose 2*s - 3*q = 3*s - j, -201 = -s + f*q. What is the hundreds digit of s?
1
Let g(n) = -16*n + 7. Let o be g(-5). Suppose -2*a + 57 = o. What is the tens digit of (84/a)/(1*2/(-85))?
3
Let g(m) = -m**3 + 6*m**2 + 9*m - 19. Let o be g(7). Let f be o/(-2)*(-180)/(-50). What is the units digit of -2 - -56 - (3 - (-4 + f))?
6
Let c(h) = -4*h**2 + 30*h - 50. Let y be c(5). Suppose -4*a - 1608 - 2346 = -2*b, 2*b - a - 3939 = y. What is the hundreds digit of b?
9
Let r(y) be the second derivative of -y**4/12 - 31*y**3/6 + 21*y**2/2 + 81*y. What is the units digit of r(-8)?
5
Suppose -3*p = 5*y - 1725, -5*p + 0*p + 671 = 2*y. Let d be (-2)/11 + y/(-22). Let r = 20 + d. What is the units digit of r?
4
Suppose -31468 = -3*a - 2*z, -2*a + 5*z = -0*z - 20985. What is the ten thousands digit of a?
1
Suppose -4*k = 3*f - 3844, -62*f = -71*f - 5*k + 11567. What is the tens digit of f?
8
Let s = 176 + 651. Let q = -648 + s. What is the units digit of q?
9
Suppose -13*j - 4531 = -36*j. Suppose 3*s - j = 49. What is the tens digit of s?
8
Suppose 44782*o - 44757*o - 247875 = 0. What is the hundreds digit of o?
9
Suppose -3*m - 4 - 2 = 0. Let t be m/(0 + 8/(-84)). Suppose a - t = 67. What is the tens digit of a?
8
Let g(k) = 10*k + 49. Let p be g(-5). Let r be (-1)/1 - 12/(-3) - p. Suppose 2*x - f = -r*f + 185, 450 = 5*x + 5*f. What is the tens digit of x?
8
Suppose 3*v + 34 = 4*u + v, u - 4*v - 19 = 0. Let c be (-10)/(-4)*(-1120)/(-600)*66. Suppose 644 = u*x - c. What is the units digit of x?
6
Suppose -49*c + 3*k - 10485 = -52*c, 4*c - 2*k = 13950. What is the thousands digit of c?
3
Suppose -1501 = 22*p - 8611 - 11920. What is the tens digit of p?
6
Suppose 2*a + 300 + 6898 = 2*w, 5*a = 4*w - 14392. What is the units digit of w?
3
Let c = 159 - -1717. Let w = c + -1279. Suppose 6*g - 135 = w. What is the units digit of g?
2
Let m = -1882 + 6551. What is the hundreds digit of m?
6
Let w be -3 + -3 + 12 + 0. Suppose -820 = 2*v - w*v. Suppose 71 = 4*u - v. What is the units digit of u?
9
Let t = -609 -